**2 + 15*x - 65. Let o be n(-25). Let l = o - 114. Calculate the remainder when l is divided by 26.
19
Let l = -950 - -955. Suppose -5*b = v - 4, v + 40 = 6*v + l*b. What is the remainder when 58 is divided by v?
4
Let a(q) = q**3 + 17*q**2 + 43*q + 18. Let z be a(-13). Let s = -74 + z. Calculate the remainder when s is divided by 14.
5
Let x(g) = -g**3 - 2*g**2 + 19*g - 36. Let c be x(8). Let b = c + 659. Calculate the remainder when b is divided by 72.
63
Suppose -3*w - a = -16 - 353, 12 = -4*a. What is the remainder when w is divided by 89?
35
Suppose -594976 = 337*c - 1982405. What is the remainder when c is divided by 40?
37
Let v(l) = -481*l - 1427. Let g = 19 - -51. What is the remainder when g is divided by v(-3)?
6
Suppose 0 = 5*t - 21*t + 368. Calculate the remainder when (-456)/(-90)*27 + 8/(-10) is divided by t.
21
Let o(h) be the third derivative of h**5/30 + 23*h**4/12 + 7*h**3 - 216*h**2. Calculate the remainder when o(-29) is divided by 56.
54
Suppose -27*y + 1992 = 264. What is the remainder when (y/10 - 2)/(1/10) is divided by 12?
8
Suppose 0 = 2*v + 24 + 34. Suppose -224 = 5*l - 9*l. Calculate the remainder when l is divided by (v/5)/(7/(-35)).
27
Let r be -10*((-2)/(-8) + (-6)/(-24)). What is the remainder when ((-16)/(-200)*r)/(2/(-120)) is divided by (-1 - 20/6)*-3?
11
Let v be 1*(-7)/(35/(-10)). Calculate the remainder when 140 is divided by v/(-3)*6909/(-98).
46
Let z(h) = 2*h**2 - 92*h - 260. Calculate the remainder when z(53) is divided by 132.
86
What is the remainder when 861 is divided by 4 - (17/51)/(2/(-156))?
21
Let x(a) = -a**3 + 4*a**2 + 5*a + 2. Let m = -10303 + 10337. What is the remainder when m is divided by x(4)?
12
Let q(y) = y**3 + 43*y**2 - 345*y - 17496. Suppose 0 = -3*n + 5*k - 3*k + 104, 10 = 2*k. Calculate the remainder when n is divided by q(-41).
5
Let c(y) = -y**3 + 17*y**2 + y - 8. Calculate the remainder when 219 is divided by c(17).
3
Let c(r) = 13*r**2 + 1. Suppose -19*a + 40 = a. Suppose a*t + 2 = -0. What is the remainder when 15 is divided by c(t)?
1
Let j = 8361 + -6868. Calculate the remainder when j is divided by 166.
165
Suppose -9*c - 35 + 143 = 0. Suppose 2*m = 16 + c. Let i(l) = -l**3 - 6*l**2 + 6*l - 2. Calculate the remainder when m is divided by i(-7).
4
Let i(n) = 2*n**3 + 13*n**2 - 8*n - 5. Let k be i(-7). Suppose k*j + 19 - 39 = 0. Suppose -2*v + j + 0 = 0. Calculate the remainder when 28 is divided by v.
3
Let f(j) = -87*j - 244. What is the remainder when 976 is divided by f(-3)?
7
Let x = 484 - 482. Suppose -x*p + 158 = -4*s, 5*p - s + 5*s - 367 = 0. What is the remainder when p is divided by 18?
3
Suppose -2*k + 16*o = 20*o - 666, -3*k + 1008 = 3*o. Calculate the remainder when k is divided by 29.
20
Let p(r) = r**2 - 86*r + 1207. Suppose o = -25 - 23. Let m = o + 92. Calculate the remainder when p(16) is divided by m.
43
Suppose k + 3*q - 844 = 0, 3*q = 20*k - 23*k + 2508. Let i = 865 - k. Calculate the remainder when i is divided by 18.
15
Let y be -14*(-5)/((-35)/12). Let w = y + 28. Let l(z) = -z + 4. Calculate the remainder when l(-8) is divided by w.
0
Let u = -20 + 45. Let l = u - 5. Calculate the remainder when (1326/17)/(2/2) is divided by l.
18
Suppose 4*g = 0, 6*i - 815 = 10*i - 9*i - 3*g. Calculate the remainder when 487 is divided by i.
161
Suppose g + 2 - 8 = 3*p, 2*p = -4*g - 4. Calculate the remainder when 131 is divided by (-1)/(-3)*g + 17.
12
Let j be 531*-1*(-38)/114. Let r = j - 160. Calculate the remainder when r is divided by 7.
3
Suppose 0 = -0*c - 3*c - 3*u, -2*c - 3*u = 0. Suppose -4*o = -c*o - 320. Let t = -1 + o. What is the remainder when t is divided by 20?
19
Let i = 17 - -28. Suppose 186 = 7*g + 46. Calculate the remainder when i is divided by g.
5
Let y = -205 + 290. What is the remainder when y is divided by ((165/(-10))/((-2)/(-8) + -1))/2?
8
Suppose i - 6*i - 824 = 2*v, -427 = v - 5*i. Let q = -272 - v. Let x = 4 - -17. What is the remainder when q is divided by x?
19
Let z = 7768 - 7747. Let v be 2/2*226/(-2). Let j = -62 - v. What is the remainder when j is divided by z?
9
What is the remainder when 0 - 5 - 1/(3/(-2889)) is divided by 80?
78
Suppose -11*w + 18 = -5*w. Suppose 5*o + 5*y = -5, -2*y = -15 + 17. Suppose o*d - w*s = -d, 3*d - 25 = 4*s. Calculate the remainder when 86 is divided by d.
11
Suppose 0 = 13*k - 8*k - 75. Suppose k*m - 167 - 178 = 0. Let x(w) = 19*w - 1. Calculate the remainder when x(6) is divided by m.
21
Let z(d) = 2*d**3 + 15*d**2 - 53*d + 15. What is the remainder when z(9) is divided by 14?
13
Let c(j) = 2*j**2 + 16*j + 9. Calculate the remainder when 672 is divided by c(3).
72
Let t = 119 - 105. Let s = t - -25. Calculate the remainder when s is divided by ((-72)/32)/((-6)/56).
18
Suppose -7*k = -11*k + 4960. Suppose 0 = 9*u - u - k. What is the remainder when u is divided by 53?
49
Suppose -187*m + 138*m + 637 = 0. Calculate the remainder when 309 is divided by m.
10
Suppose 4*z = 390 + 410. Let d = -614 - -620. Suppose d*g - z = -44. What is the remainder when 103 is divided by g?
25
Let s(h) = -150*h - 4924. Suppose -6 - 3 = x + i, 3*i + 23 = -2*x. Let d = x - -10. What is the remainder when s(-33) is divided by d?
2
Suppose -2*o + u = o - 31, 2*u = 5*o - 50. Suppose -o = -4*y + 96. What is the remainder when 31 is divided by y?
4
Let m(o) = -21*o - 291. Calculate the remainder when 8062 is divided by m(-23).
190
Suppose -3*h + 4*a + 10 = 0, 6 + 2 = 5*h + 2*a. Suppose h*f - 72 - 2 = 0. Let p = 33 + f. What is the remainder when p is divided by 18?
16
Let l = -143 + 133. Calculate the remainder when l/20*(-181 - (-12)/4) is divided by 15.
14
Suppose 9720 = 2*g + 37*g - 4047. Calculate the remainder when g is divided by 18.
11
Let f(x) = 56*x + 2 - 25*x - 29*x. Suppose -3*m = -5*b - 21, -2*m = -7*m - 5*b - 5. What is the remainder when 29 is divided by f(m)?
5
Suppose 0 = 7*l - 460 + 40. Let s = 66 - l. Suppose -59 = -s*k + 1. What is the remainder when k is divided by 6?
4
Let h = 645 - 553. Let o = 105 - h. Let z(f) = -70*f + 1. Calculate the remainder when z(-2) is divided by o.
11
Let x = -182 + 285. Let t = x + -47. Suppose -5*r + 5*z + 25 = -2*r, z - 4 = 0. What is the remainder when t is divided by r?
11
What is the remainder when (-8)/(-40) - (-1184)/5 is divided by ((-228)/(-95))/((-1)/8*(-30)/25)?
13
Suppose -c + 3 = -0. Let g be (7 + 5 + -18)*(-1)/2. Suppose g*s - 388 = -i, c*s - 2*i - 385 = -0*i. Calculate the remainder when s is divided by 22.
19
Let x be 50/475 + (-2643)/19. Let f = 176 + x. Calculate the remainder when 103 is divided by f.
29
Let i = -197 + 82. Let n be ((-24)/(-10))/((-2)/i). Suppose 8*t = n + 94. Calculate the remainder when t is divided by 11.
7
Let o = 45147 + -43619. Calculate the remainder when o is divided by 36.
16
Let y = 5590 - 4697. What is the remainder when y is divided by 870?
23
Let o(b) = -b + 32. Let d(i) = 3*i**2 - 71*i + 31. Let h be d(23). What is the remainder when 420 is divided by o(h)?
44
Suppose 2020 = 6*i - 2318. Suppose 418*v - 421*v = -i. What is the remainder when v is divided by 27?
25
Suppose -3165*n + 3202*n - 108891 = 0. Calculate the remainder when n is divided by 164.
155
Suppose 0 = -443*a + 435*a + 448. Suppose -14*y + 28 + a = 0. What is the remainder when 454 is divided by y?
4
Suppose -3*q + 12 = 0, 3*k + 28 = -3*q + 322. What is the remainder when k is divided by (-8)/(-2 - (-14)/8)?
30
Let f = 1440 + -995. Suppose -9*l - 229 = -f. Let i = 278 + -63. Calculate the remainder when i is divided by l.
23
Suppose -4*i - 5*a = -33, -3*i = -0*i + 4*a - 26. Suppose -4*h = -h + i*h. Let n(t) = t**2 - 2*t + 29. What is the remainder when n(h) is divided by 10?
9
Let u = -13688 + 15410. Calculate the remainder when u is divided by 96.
90
Suppose -a + 5*z + 43 = 0, -29*a - 101 = -32*a + z. Calculate the remainder when 1113 is divided by a.
24
Let j be 2/(-8) - (-71)/(-4). Let g be ((-2)/(j/3))/(3/846). Suppose 3*f = 5*f - g. Calculate the remainder when f is divided by 10.
7
Let x = 35 + -28. Let b(u) = -6 - x + 3*u + u**2 + 0 + u. Calculate the remainder when 71 is divided by b(-8).
14
Let p = 723 + -669. Calculate the remainder when 832 is divided by p.
22
Let z = 3186 + -2286. Calculate the remainder when z is divided by 112.
4
Let b = 29